*y**2 + 7*y - 6. Let c be 1/2*4 - 10. Let o be h(c). What is the remainder when (-26)/(-4) - o/(-4) is divided by 4?
3
What is the remainder when (0 - -166)*((-14 - -11) + 4) is divided by 67?
32
Suppose -4 = 3*z - 16. Suppose -30 = -z*f + 42. Suppose -3 = -3*w + f. What is the remainder when 13 is divided by w?
6
What is the remainder when 1064/6 + 5*(-8)/(-60) is divided by 9?
7
Suppose -469 = -s - 3*a, a = 4*s - 2085 + 157. Calculate the remainder when s is divided by 44.
41
What is the remainder when 166 is divided by (240/192)/(1/16)?
6
Suppose -7*x + 12*x = 165. Calculate the remainder when x is divided by (-54)/4*16/(-12).
15
Calculate the remainder when 132 is divided by (-3 - -54)*(-8 - (-175)/21).
13
Let v(x) = -x**2 + 3*x - 3. Let s be v(2). What is the remainder when 10 is divided by s + (1 + 4 - -3)?
3
Let b = 340 + -310. What is the remainder when 123 is divided by b?
3
Let s(k) = 4*k. Let y be s(-6). Let z = y - -41. What is the remainder when (-6)/(1 + 2) - -66 is divided by z?
13
What is the remainder when (-150)/8*(-1 - (-15)/(-9)) is divided by 28?
22
Suppose -29 = -z - 4*v + 5*v, -5*v = 3*z - 103. Let i(o) = -o**2 - 9*o - 16. Let p be i(-7). What is the remainder when z is divided by 66/(-3)*p/4?
9
Calculate the remainder when 11 is divided by ((-416)/(-72) - -3) + 2/9.
2
What is the remainder when 2293/15 - ((-528)/(-180))/(-22) is divided by 39?
36
Let g = -15 + 45. Suppose 0 = -4*x + 2 + g. What is the remainder when 20 is divided by x?
4
Let k(v) = -v**2 - 70*v - 331. Calculate the remainder when k(-61) is divided by 26.
10
Suppose 15550 + 8690 = 48*g. Calculate the remainder when g is divided by 34.
29
What is the remainder when 33 is divided by (-7*(-80)/336)/(10/36)?
3
Let s(w) = w**3 + 18*w**2 - 23*w - 66. Calculate the remainder when 57 is divided by s(-19).
7
Suppose 3*a - 2*u - 33 = -0*a, 5*a + 3*u - 36 = 0. What is the remainder when a is divided by (-2)/7 + 23/7?
0
Suppose 0*f - 2*f = 0. Suppose 4*g - 200 = -f*g. Calculate the remainder when g is divided by 13.
11
Calculate the remainder when -4 - (-5 + (-1434)/6) is divided by 49.
44
Let w = -3 + 1. What is the remainder when 37 is divided by (13/w + 3)*(-40)/14?
7
Suppose 0 = -5*d + 4*n + 684, 0*n - 3*n - 128 = -d. What is the remainder when d is divided by 45?
5
Suppose 4*g = -12, 2*g = 4*y + 6 + 4. Calculate the remainder when y/8 - 137/(-2) is divided by 14.
12
Suppose 4*n + 11 = -1. Let m = -178 + 175. What is the remainder when 1/n + (-130)/m is divided by 11?
10
Suppose 0 = -n + 4*b + 7, -2*b + 7*b = 3*n. Calculate the remainder when 21 is divided by 6/(-15) - (-2 + 57/n).
8
Suppose 0 = 13*d + 43 - 927. What is the remainder when 280 is divided by d?
8
Let u be (1 + -7)*10/(-30). Suppose 0 = 3*f + h - 14 - 24, u*h = -3*f + 40. What is the remainder when 59 is divided by f?
11
Let l(k) = k**2 + 2*k - 2. Let u = 678 - 571. Calculate the remainder when u is divided by l(-6).
19
Let r = 153 - -27. What is the remainder when r is divided by 17?
10
Let j = -23 + 28. Suppose 0 = -r + a - j*a + 147, -3*r - 5*a = -413. Suppose -132 = -2*l - 2*l. What is the remainder when r is divided by l?
32
Suppose 2689 = 17*a - 269. What is the remainder when a is divided by 22?
20
Let f = 470 - 416. Calculate the remainder when f is divided by 19.
16
Let m = -475 + 851. Calculate the remainder when m is divided by 21.
19
Suppose -6*x + 55 = -269. Calculate the remainder when 258 is divided by x.
42
Let i(j) = j**3 + 24*j**2 - 2*j - 45. Calculate the remainder when i(-7) is divided by 101.
95
Let v be ((-18)/(-27))/(2/129). Let o = 51 - v. What is the remainder when 15 is divided by o?
7
Suppose -48*y + 498 = -46*y. Suppose -6*v - y = -9*v. What is the remainder when v is divided by 14?
13
Suppose 0 = u + 2*u - 9. What is the remainder when 1 + 3 + u/(-3) is divided by (26/(-8) - -3)/((-13)/156)?
0
Let t be 218/(-7) + 2/14. Let k be 185/4 + (-4)/16. Let c = k + t. Calculate the remainder when c is divided by 8.
7
Suppose -33*x - 1657 = -8092. Calculate the remainder when x is divided by 22.
19
Calculate the remainder when 40/6*12/32*118 is divided by 13.
9
Suppose -8*q + 7*q = 0. Suppose y + q*y = 13. What is the remainder when 62 is divided by y?
10
Let i(o) = -o**2 + 8*o + 12. Let m = 44 + -36. Calculate the remainder when 30 is divided by i(m).
6
Suppose -3*a - 55 = -8*a. Suppose 82 = 3*x + 2*p - 40, -p = -5*x + 212. What is the remainder when x is divided by a?
9
Suppose -95 + 3 = -5*j + 3*f, -2*f = 4*j - 56. What is the remainder when 317 is divided by j?
13
Let a(f) = 9*f + 265. Suppose -3*p = -6*p + 6. Calculate the remainder when a(-29) is divided by p.
0
Suppose 3*v + 3*g = 114, 3*v - 107 + 0 = 4*g. What is the remainder when 551 is divided by v?
33
Suppose -9 + 100 = 7*m. Let f = -1 + m. Calculate the remainder when f is divided by 4.
0
Calculate the remainder when (494/104)/((-2)/(-88)) is divided by 56.
41
Suppose h = -2*b + 6, 5*h - 6 = -b - b. Suppose -5*p + 58 + 52 = h. What is the remainder when 41 is divided by p?
19
Let r(b) = 4*b + 11*b - 7*b + 22. What is the remainder when r(9) is divided by 19?
18
Let i(v) = -6*v - 7. Let k be i(4). Let h = k - -48. What is the remainder when 48 is divided by h?
14
Suppose 0 = -4*l - 8, 4*l = y + 2*l - 37. Suppose 0 = -h - 5*p + 12, -p + 5*p = h + y. What is the remainder when 2 - 0 - 325/h is divided by 10?
7
Let z = 5 - 3. Let n be -3*(-3 - 0)*3/(-27). Calculate the remainder when 29 is divided by n + z - (-12 + 8).
4
What is the remainder when 28 is divided by (-32)/(-656) - (-1470)/123?
4
Suppose -3*j - 3*f = -4*f - 64, -4*j - f + 83 = 0. Suppose -h = -j - 20. What is the remainder when 121 is divided by h?
39
Suppose -4*d + 374 = 2*h, 34*h = 39*h - d - 968. What is the remainder when h is divided by 14?
11
Let s = 69 + 5. Calculate the remainder when 367 is divided by s.
71
Let t = 71 + 9. Suppose -3*g + 2*n = -0*g - t, -3*g + 5*n = -83. Calculate the remainder when 76 is divided by g.
24
Suppose 3*a - 123 + 30 = 0. Let c = 44 - a. Suppose 2*h + 4*i + 7 = 25, 2*h + 5*i = 19. Calculate the remainder when c is divided by h.
6
Let u be (3*(-2)/3)/2. Let b be -1 + 13 - u/(-1). Suppose 73 + b = 4*c. What is the remainder when 83 is divided by c?
20
Let t(u) = -u**3 + 7*u**2 - 12*u - 2. Let b be t(5). Let h(p) = 1 - 2*p - 4 - 15. What is the remainder when h(b) is divided by 3?
0
Let d(l) = -l**3 - 3*l**2 + 9*l + 500. Calculate the remainder when d(0) is divided by 83.
2
Let l = -39 + 79. Calculate the remainder when 116 is divided by l.
36
Suppose -391*n = -394*n + 1614. What is the remainder when n is divided by 18?
16
What is the remainder when -28*(-25)/(-40)*-6 is divided by 9?
6
Let f(j) = -j**2 + 5*j + 20. Let t = 45 + -39. What is the remainder when f(t) is divided by 9?
5
Let b = 345 - 307. What is the remainder when 181 is divided by b?
29
Let g(d) = -d**3 - 14*d**2 + 4. Let r be g(-14). Suppose p + r*h = 18 + 12, -p + 4*h = -6. What is the remainder when 106 is divided by p?
16
Let i(l) = 35*l + 2. Let t(f) = -139*f - 8. Let a(s) = 9*i(s) + 2*t(s). Calculate the remainder when a(1) is divided by 15.
9
Let k(j) = -2*j - 2. Let r(g) = g**2 - 3*g - 15. Let i be r(5). Calculate the remainder when 21 is divided by k(i).
5
Suppose 8*h - 156 = 4*h. Let m be -3 + (2 + -3)*-8. Let x(c) = 5*c**2 + 5*c + 4. Calculate the remainder when x(m) is divided by h.
37
Suppose 4*r + 4*w = 116, -189*w = -187*w. What is the remainder when 156 is divided by r?
11
Let f(i) = 6*i**3 + 13*i**2 - 17*i + 1. What is the remainder when f(4) is divided by 16?
13
Suppose 0 = 10*u - 31 + 1. Suppose -5*i + v + 108 = -i, -v + 88 = u*i. What is the remainder when 305 is divided by i?
25
Suppose 140*d = 143*d - 951. What is the remainder when d is divided by 64?
61
Suppose 4*r = l - 1, -2*r = 5*l - 3 - 24. Suppose 0 = l*c - 47 + 7. What is the remainder when ((-18)/(-24))/((-2)/(-56)) is divided by c?
5
Let x(p) = -p**2 + p. Let l be x(6). Let b = l + 63. Suppose 0 = -3*v - s + 51, -2*v - 2*s = -s - b. What is the remainder when v is divided by 5?
3
Suppose 0 = -4*d - 4*t + 96, -4 - 6 = 5*t. Let g = 16 - d. Let q = g - -19. Calculate the remainder when q is divided by 5.
4
Suppose 23 = -3*p - 2*m + 61, -m = 5*p - 75. Calculate the remainder 